{"id":21196,"date":"2025-03-17T01:06:35","date_gmt":"2025-03-17T01:06:35","guid":{"rendered":"https:\/\/cfcquebec.ca\/shop\/?post_type=product&#038;p=21196"},"modified":"2025-11-03T08:14:54","modified_gmt":"2025-11-03T13:14:54","slug":"lattes-intimes","status":"publish","type":"product","link":"https:\/\/cfcquebec.ca\/shop\/product\/lattes-intimes","title":{"rendered":"Lattes d&rsquo;intimit\u00e9 Achat directe"},"content":{"rendered":"<div class=\"fusion-fullwidth fullwidth-box fusion-builder-row-1 fusion-flex-container has-pattern-background has-mask-background nonhundred-percent-fullwidth non-hundred-percent-height-scrolling\" style=\"--awb-border-radius-top-left:0px;--awb-border-radius-top-right:0px;--awb-border-radius-bottom-right:0px;--awb-border-radius-bottom-left:0px;--awb-flex-wrap:wrap;\" ><div class=\"fusion-builder-row fusion-row fusion-flex-align-items-flex-start fusion-flex-content-wrap\" style=\"max-width:1248px;margin-left: calc(-4% \/ 2 );margin-right: calc(-4% \/ 2 );\"><div class=\"fusion-layout-column fusion_builder_column fusion-builder-column-0 fusion_builder_column_1_1 1_1 fusion-flex-column\" style=\"--awb-bg-size:cover;--awb-width-large:100%;--awb-margin-top-large:0px;--awb-spacing-right-large:1.92%;--awb-margin-bottom-large:20px;--awb-spacing-left-large:1.92%;--awb-width-medium:100%;--awb-order-medium:0;--awb-spacing-right-medium:1.92%;--awb-spacing-left-medium:1.92%;--awb-width-small:100%;--awb-order-small:0;--awb-spacing-right-small:1.92%;--awb-spacing-left-small:1.92%;\"><div class=\"fusion-column-wrapper fusion-column-has-shadow fusion-flex-justify-content-flex-start fusion-content-layout-column\"><div class=\"fusion-text fusion-text-1\"><h1><span style=\"color: #ff6600;\"><em><strong>Comparez nous a Rona :<\/strong><\/em><\/span><\/h1>\n<h2 class=\"page-product__title\"><a href=\"https:\/\/www.rona.ca\/fr\/produit\/lamelles-verticales-master-halco-cloture-dintimite-5-pi-noir-204792-13635078?geoLocObtained=1&amp;latitude=40.7988&amp;longitude=-73.9679\" target=\"_blank\" rel=\"noopener\">Lamelles verticales Master Halco cl\u00f4ture d&rsquo;intimit\u00e9 5 pi noir<\/a><\/h2>\n<div class=\"page-product__sku-infos\">\n<p><a href=\"https:\/\/www.rona.ca\/fr\/produit\/lamelles-verticales-master-halco-cloture-dintimite-5-pi-noir-204792-13635078?geoLocObtained=1&amp;latitude=40.7988&amp;longitude=-73.9679\" target=\"_blank\" rel=\"noopener\">N\u00b0 d&rsquo;article\u00a013635078\u00a0N\u00b0 de produit\u00a0000375474\u00a0N\u00b0 de mod\u00e8le\u00a0204792\u00a0<span class=\"format\">Format 5&prime; 80\/P<\/span><\/a><\/p>\n<\/div>\n<h1><span class=\"price-box__price__amount\" style=\"color: #ff0000;\"><span class=\"price-box__price__amount__integer\">89<\/span>\u00a0<sup class=\"price-box__price__amount__decimal\">99<\/sup>\u00a0<\/span><span class=\"price-box__price__spec\" style=\"color: #ff0000;\">Chacun <img decoding=\"async\" class=\"alignnone wp-image-21705\" src=\"https:\/\/forestgreen-boar-745836.hostingersite.com\/wp-content\/uploads\/2025\/03\/jaw-drop-shocked-150x150.png\" alt=\"\" width=\"89\" height=\"89\" srcset=\"https:\/\/cfcquebec.ca\/shop\/wp-content\/uploads\/2025\/03\/jaw-drop-shocked-12x12.png 12w, https:\/\/cfcquebec.ca\/shop\/wp-content\/uploads\/2025\/03\/jaw-drop-shocked-66x66.png 66w, https:\/\/cfcquebec.ca\/shop\/wp-content\/uploads\/2025\/03\/jaw-drop-shocked-100x100.png 100w, https:\/\/cfcquebec.ca\/shop\/wp-content\/uploads\/2025\/03\/jaw-drop-shocked-150x150.png 150w, https:\/\/cfcquebec.ca\/shop\/wp-content\/uploads\/2025\/03\/jaw-drop-shocked-200x200.png 200w, https:\/\/cfcquebec.ca\/shop\/wp-content\/uploads\/2025\/03\/jaw-drop-shocked.png 300w\" sizes=\"(max-width: 89px) 100vw, 89px\" \/><\/span><\/h1>\n<div class=\"price-box price-box--product-page \">\n<div class=\"row\">\n<div class=\"col-md-12\">\n<div class=\"product_price_container\">\n<div class=\"price-box__secondaryUomPriceContainer\"><\/div>\n<\/div>\n<\/div>\n<\/div>\n<\/div>\n<\/div><div class=\"fusion-text fusion-text-2\" style=\"--awb-text-font-family:&quot;Open Sans&quot;;--awb-text-font-style:normal;--awb-text-font-weight:400;\"><h1><\/h1>\n<h2 class=\"\" data-start=\"235\" data-end=\"276\"><strong data-start=\"238\" data-end=\"276\">Faites-le vous-m\u00eame, comme un pro!<\/strong><\/h2>\n<h3 class=\"\" data-start=\"278\" data-end=\"333\">\ud83d\ude9a <strong data-start=\"285\" data-end=\"333\">LIVRAISON GRATUITE sur TOUT achat de lattes!<\/strong><\/h3>\n<p class=\"\" data-start=\"335\" data-end=\"423\"><strong data-start=\"335\" data-end=\"384\">Disponible \u00e0 : Granby &#8211; Bromont &#8211; Cowansville<\/strong><br data-start=\"384\" data-end=\"387\" \/>\ud83d\udc49 Utilisez le <strong data-start=\"402\" data-end=\"423\">CODE PROMO : 45-47K<\/strong><\/p>\n<hr class=\"\" data-start=\"425\" data-end=\"428\" \/>\n<h3 class=\"\" data-start=\"430\" data-end=\"506\">\ud83d\udca5 <strong data-start=\"437\" data-end=\"506\">Nous \u00e9clatons la comp\u00e9tition \u00e0 grands coups de paquets de lattes!<\/strong><\/h3>\n<p class=\"\" data-start=\"508\" data-end=\"599\">\u2705 <strong data-start=\"510\" data-end=\"554\">La meilleure fa\u00e7on d&rsquo;acheter vos lattes.<\/strong><br data-start=\"554\" data-end=\"557\" \/>\u2705 <strong data-start=\"559\" data-end=\"599\">Des centaines de clients satisfaits!<\/strong><\/p>\n<hr class=\"\" data-start=\"601\" data-end=\"604\" \/>\n<p class=\"\" data-start=\"606\" data-end=\"694\"><strong data-start=\"606\" data-end=\"694\">Commandez maintenant et profitez d\u2019une cl\u00f4ture solide, styl\u00e9e et facile \u00e0 installer.<\/strong><\/p>\n<p><img fetchpriority=\"high\" decoding=\"async\" class=\"alignnone wp-image-20727 size-full\" src=\"https:\/\/forestgreen-boar-745836.hostingersite.com\/wp-content\/uploads\/2025\/03\/gratos.jpg\" alt=\"lattes d'intimit\u00e9 vinyle granby\" width=\"700\" height=\"320\" srcset=\"https:\/\/cfcquebec.ca\/shop\/wp-content\/uploads\/2025\/03\/gratos-200x91.jpg 200w, https:\/\/cfcquebec.ca\/shop\/wp-content\/uploads\/2025\/03\/gratos-300x137.jpg 300w, https:\/\/cfcquebec.ca\/shop\/wp-content\/uploads\/2025\/03\/gratos-400x183.jpg 400w, https:\/\/cfcquebec.ca\/shop\/wp-content\/uploads\/2025\/03\/gratos-500x229.jpg 500w, https:\/\/cfcquebec.ca\/shop\/wp-content\/uploads\/2025\/03\/gratos-600x274.jpg 600w, https:\/\/cfcquebec.ca\/shop\/wp-content\/uploads\/2025\/03\/gratos.jpg 700w\" sizes=\"(max-width: 700px) 100vw, 700px\" \/><\/p>\n<div class=\"row\">\n<div class=\"col-sm-10\">\n<h3 class=\"\" data-start=\"207\" data-end=\"272\"><strong data-start=\"211\" data-end=\"272\">Lattes de Cl\u00f4ture en Vinyle \u2013 Pratiques et Durables<\/strong><\/h3>\n<p class=\"\" data-start=\"274\" data-end=\"306\"><strong data-start=\"274\" data-end=\"306\">Pourquoi choisir nos lattes?<\/strong><\/p>\n<p class=\"\" data-start=\"308\" data-end=\"523\">\u2714\ufe0f <strong data-start=\"311\" data-end=\"364\">Installation facile \u2013 aucun outil sp\u00e9cial requis!<\/strong><br data-start=\"364\" data-end=\"367\" \/>Parfait pour les amateurs de \u00ab\u00a0faites-le vous-m\u00eame\u00a0\u00bb. Glissez simplement les lattes dans les maillons de la cl\u00f4ture, \u00e0 la verticale. Simple, rapide, efficace.<\/p>\n<p class=\"\" data-start=\"525\" data-end=\"706\">\u2714\ufe0f <strong data-start=\"528\" data-end=\"565\">Plus r\u00e9sistantes que l\u2019aluminium.<\/strong><br data-start=\"565\" data-end=\"568\" \/>Contrairement aux lattes en aluminium diagonales, nos lattes en poly\u00e9thyl\u00e8ne ne marquent pas, ne se plissent pas, et ne bossellent jamais.<\/p>\n<p class=\"\" data-start=\"708\" data-end=\"801\">\u2714\ufe0f <strong data-start=\"711\" data-end=\"730\">Sans entretien.<\/strong><br data-start=\"730\" data-end=\"733\" \/>Aucune peinture, aucun lavage n\u00e9cessaire. La pluie s\u2019occupe de tout!<\/p>\n<p class=\"\" data-start=\"803\" data-end=\"897\">\u2714\ufe0f <strong data-start=\"806\" data-end=\"839\">Immunis\u00e9es contre la rouille.<\/strong><br data-start=\"839\" data-end=\"842\" \/>Conservez un bel aspect pendant des ann\u00e9es, sans souci.<\/p>\n<p class=\"\" data-start=\"899\" data-end=\"1013\">\u2714\ufe0f <strong data-start=\"902\" data-end=\"932\">Stable par tous les temps.<\/strong><br data-start=\"932\" data-end=\"935\" \/>R\u00e9sistent aux vents forts et aux animaux curieux. Elles restent bien en place!<\/p>\n<p class=\"\" data-start=\"1015\" data-end=\"1112\">\u2714\ufe0f <strong data-start=\"1018\" data-end=\"1059\">L\u00e9g\u00e8res et \u00e9conomiques \u00e0 transporter.<\/strong><br data-start=\"1059\" data-end=\"1062\" \/>Faciles \u00e0 manipuler, faciles \u00e0 recevoir chez vous.<\/p>\n<p class=\"\" data-start=\"1114\" data-end=\"1208\">\u2714\ufe0f <strong data-start=\"1117\" data-end=\"1145\">Large choix de couleurs.<\/strong><br data-start=\"1145\" data-end=\"1148\" \/>Trouvez la teinte parfaite pour compl\u00e9ter votre am\u00e9nagement.<\/p>\n<p class=\"\" data-start=\"1210\" data-end=\"1259\">\ud83d\udccf <strong data-start=\"1213\" data-end=\"1259\">Un paquet couvre 10&prime; lin\u00e9aires de cl\u00f4ture.<\/strong><\/p>\n<hr class=\"\" data-start=\"1261\" data-end=\"1264\" \/>\n<h3 class=\"\" data-start=\"1266\" data-end=\"1291\"><strong data-start=\"1270\" data-end=\"1291\">T\u00e9moignage client<\/strong><\/h3>\n<blockquote data-start=\"1293\" data-end=\"1502\">\n<p class=\"\" data-start=\"1295\" data-end=\"1502\"><em data-start=\"1295\" data-end=\"1471\">\u00ab\u00a0J&rsquo;ai pass\u00e9 une commande de lattes vendredi avec Carole et les gars \u00e9taient chez nous le lundi matin.<br data-start=\"1397\" data-end=\"1400\" \/>Je pensais que c\u2019\u00e9tait le facteur, lol!<br data-start=\"1439\" data-end=\"1442\" \/>Rien de plus facile! Merci.\u00a0\u00bb<\/em><br data-start=\"1471\" data-end=\"1474\" \/><strong data-start=\"1474\" data-end=\"1502\">\u2013 Claudine R., Brome, QC<\/strong><\/p>\n<div><\/div>\n<div class=\"bar-box\">\n<div class=\"side right\">\n<div><\/div>\n<\/div>\n<\/div>\n<\/blockquote>\n<\/div>\n<\/div>\n<\/div><\/div><\/div><\/div><\/div>\n","protected":false},"excerpt":{"rendered":"<p>Lattes de vinyle<\/p>\n","protected":false},"author":3,"featured_media":20734,"comment_status":"open","ping_status":"closed","template":"","meta":{"_crdt_document":""},"product_brand":[],"product_cat":[318],"product_tag":[],"ppma_author":[424],"class_list":{"0":"post-21196","1":"product","2":"type-product","3":"status-publish","4":"has-post-thumbnail","6":"product_cat-lattes-intimite","7":"pa_color-beige","8":"pa_color-blanc","9":"pa_color-brun","10":"pa_color-noir","11":"pa_color-vert","12":"pa_longueur-349","13":"pa_longueur-350","14":"pa_longueur-351","16":"first","17":"instock","18":"taxable","19":"shipping-taxable","20":"purchasable","21":"product-type-variable"},"_links":{"self":[{"href":"https:\/\/cfcquebec.ca\/shop\/wp-json\/wp\/v2\/product\/21196","targetHints":{"allow":["GET"]}}],"collection":[{"href":"https:\/\/cfcquebec.ca\/shop\/wp-json\/wp\/v2\/product"}],"about":[{"href":"https:\/\/cfcquebec.ca\/shop\/wp-json\/wp\/v2\/types\/product"}],"author":[{"embeddable":true,"href":"https:\/\/cfcquebec.ca\/shop\/wp-json\/wp\/v2\/users\/3"}],"replies":[{"embeddable":true,"href":"https:\/\/cfcquebec.ca\/shop\/wp-json\/wp\/v2\/comments?post=21196"}],"wp:featuredmedia":[{"embeddable":true,"href":"https:\/\/cfcquebec.ca\/shop\/wp-json\/wp\/v2\/media\/20734"}],"wp:attachment":[{"href":"https:\/\/cfcquebec.ca\/shop\/wp-json\/wp\/v2\/media?parent=21196"}],"wp:term":[{"taxonomy":"product_brand","embeddable":true,"href":"https:\/\/cfcquebec.ca\/shop\/wp-json\/wp\/v2\/product_brand?post=21196"},{"taxonomy":"product_cat","embeddable":true,"href":"https:\/\/cfcquebec.ca\/shop\/wp-json\/wp\/v2\/product_cat?post=21196"},{"taxonomy":"product_tag","embeddable":true,"href":"https:\/\/cfcquebec.ca\/shop\/wp-json\/wp\/v2\/product_tag?post=21196"},{"taxonomy":"author","embeddable":true,"href":"https:\/\/cfcquebec.ca\/shop\/wp-json\/wp\/v2\/ppma_author?post=21196"}],"curies":[{"name":"wp","href":"https:\/\/api.w.org\/{rel}","templated":true}]}}