{"id":21448,"date":"2025-03-25T00:26:09","date_gmt":"2025-03-25T00:26:09","guid":{"rendered":"https:\/\/cfcquebec.ca\/shop\/?post_type=product&#038;p=21448"},"modified":"2025-04-16T21:41:11","modified_gmt":"2025-04-16T21:41:11","slug":"verre-12mm","status":"publish","type":"product","link":"https:\/\/cfcquebec.ca\/shop\/product\/verre-12mm","title":{"rendered":"Panneaux de Verre 12mm"},"content":{"rendered":"<div class=\"fusion-fullwidth fullwidth-box fusion-builder-row-1 fusion-flex-container has-pattern-background has-mask-background nonhundred-percent-fullwidth non-hundred-percent-height-scrolling\" style=\"--awb-border-radius-top-left:0px;--awb-border-radius-top-right:0px;--awb-border-radius-bottom-right:0px;--awb-border-radius-bottom-left:0px;--awb-flex-wrap:wrap;\" ><div class=\"fusion-builder-row fusion-row fusion-flex-align-items-flex-start fusion-flex-content-wrap\" style=\"max-width:1248px;margin-left: calc(-4% \/ 2 );margin-right: calc(-4% \/ 2 );\"><div class=\"fusion-layout-column fusion_builder_column fusion-builder-column-0 fusion_builder_column_3_4 3_4 fusion-flex-column\" style=\"--awb-bg-size:cover;--awb-width-large:75%;--awb-margin-top-large:0px;--awb-spacing-right-large:2.56%;--awb-margin-bottom-large:20px;--awb-spacing-left-large:2.56%;--awb-width-medium:75%;--awb-order-medium:0;--awb-spacing-right-medium:2.56%;--awb-spacing-left-medium:2.56%;--awb-width-small:100%;--awb-order-small:0;--awb-spacing-right-small:1.92%;--awb-spacing-left-small:1.92%;\"><div class=\"fusion-column-wrapper fusion-column-has-shadow fusion-flex-justify-content-flex-start fusion-content-layout-column\"><div class=\"fusion-text fusion-text-1\"><h3 class=\"\" data-start=\"1003\" data-end=\"1037\"><\/h3>\n<h2 class=\"\" data-start=\"184\" data-end=\"289\"><strong data-start=\"187\" data-end=\"287\">Panneaux en Verre Tremp\u00e9 \u2013 S\u00e9curit\u00e9 et \u00c9l\u00e9gance pour Votre Piscine \u00e0 Granby, Bromont et Lac-Brome<\/strong><\/h2>\n<p class=\"\" data-start=\"291\" data-end=\"532\">Prot\u00e9gez votre piscine tout en conservant une <strong data-start=\"337\" data-end=\"352\">vue d\u00e9gag\u00e9e<\/strong> gr\u00e2ce \u00e0 nos <strong data-start=\"365\" data-end=\"393\">cl\u00f4tures en verre tremp\u00e9<\/strong>. \u00c9l\u00e9gantes et s\u00e9curitaires, elles s\u2019int\u00e8grent parfaitement aux paysages r\u00e9sidentiels et commerciaux de <strong data-start=\"497\" data-end=\"529\">Granby, Bromont et Lac-Brome<\/strong>.<\/p>\n<h3 data-start=\"291\" data-end=\"532\"><strong>Doit se poser sur mini-poteaux ICI<\/strong><\/h3>\n<p class=\"\" data-start=\"534\" data-end=\"867\">Con\u00e7ues pour r\u00e9sister aux intemp\u00e9ries et aux chocs, nos cl\u00f4tures en verre sont id\u00e9ales pour les piscines priv\u00e9es, les complexes h\u00f4teliers et les spas. Gr\u00e2ce \u00e0 un design moderne et sans obstruction visuelle, elles mettent en valeur votre espace ext\u00e9rieur tout en assurant une <strong data-start=\"809\" data-end=\"864\">protection conforme aux normes en vigueur au Qu\u00e9bec<\/strong>.<\/p>\n<h3 class=\"\" data-start=\"869\" data-end=\"909\"><strong data-start=\"873\" data-end=\"907\">Caract\u00e9ristiques principales :<\/strong><\/h3>\n<p class=\"\" data-start=\"910\" data-end=\"1230\">\u2714 <strong data-start=\"912\" data-end=\"944\">Verre tremp\u00e9 ultra-r\u00e9sistant<\/strong> (12 mm)<br data-start=\"955\" data-end=\"958\" \/>\u2714 <strong data-start=\"960\" data-end=\"995\">Installation\u00a0 sans cadre<\/strong> (inox)<br data-start=\"1013\" data-end=\"1016\" \/>\u2714 <strong data-start=\"1018\" data-end=\"1054\">Vue panoramique sans obstruction<\/strong><br data-start=\"1054\" data-end=\"1057\" \/>\u2714 <strong data-start=\"1059\" data-end=\"1105\">R\u00e9sistance \u00e0 la rouille et aux intemp\u00e9ries<\/strong><br data-start=\"1105\" data-end=\"1108\" \/>\u2714 <strong data-start=\"1110\" data-end=\"1174\">Compatible avec portillons s\u00e9curis\u00e9s \u00e0 fermeture automatique<\/strong><br data-start=\"1174\" data-end=\"1177\" \/>\u2714 <strong data-start=\"1179\" data-end=\"1228\">Conforme aux normes de s\u00e9curit\u00e9 pour piscines<\/strong><\/p>\n<h3 class=\"\" data-start=\"1232\" data-end=\"1287\"><strong data-start=\"1236\" data-end=\"1285\">Nos services \u00e0 Granby, Bromont et Lac-Brome :<\/strong><\/h3>\n<p class=\"\" data-start=\"1288\" data-end=\"1492\">\ud83d\udccd <strong data-start=\"1291\" data-end=\"1319\">Installation cl\u00e9 en main<\/strong> \u2013 Nos experts assurent une pose rapide et s\u00e9curitaire<br data-start=\"1373\" data-end=\"1376\" \/>\ud83d\udccd <strong data-start=\"1379\" data-end=\"1409\">Devis personnalis\u00e9 gratuit<\/strong> \u2013 Adapt\u00e9 \u00e0 votre projet et votre budget<br data-start=\"1449\" data-end=\"1452\" \/>\ud83d\udccd <strong data-start=\"1455\" data-end=\"1490\">Service apr\u00e8s-vente et garantie<\/strong><\/p>\n<h3 class=\"\" data-start=\"1494\" data-end=\"1562\"><strong data-start=\"1498\" data-end=\"1560\">Pourquoi choisir une cl\u00f4ture en verre pour votre piscine ?<\/strong><\/h3>\n<p class=\"\" data-start=\"1563\" data-end=\"1755\">\u2705 <strong data-start=\"1565\" data-end=\"1586\">S\u00e9curit\u00e9 optimale<\/strong> pour les enfants et animaux<br data-start=\"1614\" data-end=\"1617\" \/>\u2705 <strong data-start=\"1619\" data-end=\"1654\">Design moderne et haut de gamme<\/strong><br data-start=\"1654\" data-end=\"1657\" \/>\u2705 <strong data-start=\"1659\" data-end=\"1680\">Entretien minimal<\/strong> \u2013 R\u00e9siste \u00e0 l\u2019humidit\u00e9 et aux UV<br data-start=\"1713\" data-end=\"1716\" \/>\u2705 <strong data-start=\"1718\" data-end=\"1753\">Valorisation de votre propri\u00e9t\u00e9<\/strong><\/p>\n<\/div><\/div><\/div><div class=\"fusion-layout-column fusion_builder_column fusion-builder-column-1 fusion_builder_column_1_4 1_4 fusion-flex-column\" style=\"--awb-bg-size:cover;--awb-width-large:25%;--awb-margin-top-large:0px;--awb-spacing-right-large:7.68%;--awb-margin-bottom-large:20px;--awb-spacing-left-large:7.68%;--awb-width-medium:25%;--awb-order-medium:0;--awb-spacing-right-medium:7.68%;--awb-spacing-left-medium:7.68%;--awb-width-small:100%;--awb-order-small:0;--awb-spacing-right-small:1.92%;--awb-spacing-left-small:1.92%;\"><div class=\"fusion-column-wrapper fusion-column-has-shadow fusion-flex-justify-content-flex-start fusion-content-layout-column\"><div class=\"fusion-image-element \" style=\"--awb-caption-title-font-family:var(--h2_typography-font-family);--awb-caption-title-font-weight:var(--h2_typography-font-weight);--awb-caption-title-font-style:var(--h2_typography-font-style);--awb-caption-title-size:var(--h2_typography-font-size);--awb-caption-title-transform:var(--h2_typography-text-transform);--awb-caption-title-line-height:var(--h2_typography-line-height);--awb-caption-title-letter-spacing:var(--h2_typography-letter-spacing);\"><span class=\" fusion-imageframe imageframe-none imageframe-1 hover-type-none\"><img fetchpriority=\"high\" fetchpriority=\"high\" decoding=\"async\" width=\"300\" height=\"300\" alt=\"verre 12mm\" title=\"verre_12mm\" src=\"https:\/\/forestgreen-boar-745836.hostingersite.com\/wp-content\/uploads\/2025\/03\/verre_12mm-300x300.jpg\" class=\"img-responsive wp-image-20781\" srcset=\"https:\/\/cfcquebec.ca\/shop\/wp-content\/uploads\/2025\/03\/verre_12mm-200x200.jpg 200w, https:\/\/cfcquebec.ca\/shop\/wp-content\/uploads\/2025\/03\/verre_12mm-400x400.jpg 400w, https:\/\/cfcquebec.ca\/shop\/wp-content\/uploads\/2025\/03\/verre_12mm.jpg 500w\" sizes=\"(max-width: 640px) 100vw, 400px\" \/><\/span><\/div><\/div><\/div><\/div><\/div>\n","protected":false},"excerpt":{"rendered":"<p>Cl\u00f4ture en Verre Tremp\u00e9 12mm<\/p>\n","protected":false},"author":3,"featured_media":20781,"comment_status":"open","ping_status":"closed","template":"","meta":{"_crdt_document":""},"product_brand":[],"product_cat":[410],"product_tag":[412,411],"ppma_author":[424],"class_list":{"0":"post-21448","1":"product","2":"type-product","3":"status-publish","4":"has-post-thumbnail","6":"product_cat-cloture-piscine","7":"product_tag-piscine","8":"product_tag-verre12mm","9":"product_shipping_class-clolis-pesant","11":"first","12":"instock","13":"taxable","14":"shipping-taxable","15":"purchasable","16":"product-type-variable"},"_links":{"self":[{"href":"https:\/\/cfcquebec.ca\/shop\/wp-json\/wp\/v2\/product\/21448","targetHints":{"allow":["GET"]}}],"collection":[{"href":"https:\/\/cfcquebec.ca\/shop\/wp-json\/wp\/v2\/product"}],"about":[{"href":"https:\/\/cfcquebec.ca\/shop\/wp-json\/wp\/v2\/types\/product"}],"author":[{"embeddable":true,"href":"https:\/\/cfcquebec.ca\/shop\/wp-json\/wp\/v2\/users\/3"}],"replies":[{"embeddable":true,"href":"https:\/\/cfcquebec.ca\/shop\/wp-json\/wp\/v2\/comments?post=21448"}],"wp:featuredmedia":[{"embeddable":true,"href":"https:\/\/cfcquebec.ca\/shop\/wp-json\/wp\/v2\/media\/20781"}],"wp:attachment":[{"href":"https:\/\/cfcquebec.ca\/shop\/wp-json\/wp\/v2\/media?parent=21448"}],"wp:term":[{"taxonomy":"product_brand","embeddable":true,"href":"https:\/\/cfcquebec.ca\/shop\/wp-json\/wp\/v2\/product_brand?post=21448"},{"taxonomy":"product_cat","embeddable":true,"href":"https:\/\/cfcquebec.ca\/shop\/wp-json\/wp\/v2\/product_cat?post=21448"},{"taxonomy":"product_tag","embeddable":true,"href":"https:\/\/cfcquebec.ca\/shop\/wp-json\/wp\/v2\/product_tag?post=21448"},{"taxonomy":"author","embeddable":true,"href":"https:\/\/cfcquebec.ca\/shop\/wp-json\/wp\/v2\/ppma_author?post=21448"}],"curies":[{"name":"wp","href":"https:\/\/api.w.org\/{rel}","templated":true}]}}