{"id":21691,"date":"2025-04-16T20:40:30","date_gmt":"2025-04-16T20:40:30","guid":{"rendered":"https:\/\/cfcquebec.ca\/shop\/?post_type=product&#038;p=21691"},"modified":"2026-01-28T23:18:49","modified_gmt":"2026-01-29T04:18:49","slug":"panneau-cloture-2115-48","status":"publish","type":"product","link":"https:\/\/cfcquebec.ca\/shop\/product\/panneau-cloture-2115-48","title":{"rendered":"Panneau cl\u00f4ture 2115"},"content":{"rendered":"<p>Barrotins en acier galv. sont ins\u00e9r\u00e9s en continu dans les traverses perfor\u00e9es au pointeau, pour garantir une solidit\u00e9 accrue et une apparence uniforme de tous les c\u00f4t\u00e9s<\/p>\n<p><img fetchpriority=\"high\" decoding=\"async\" class=\"alignnone size-medium wp-image-21693\" src=\"https:\/\/forestgreen-boar-745836.hostingersite.com\/wp-content\/uploads\/2025\/04\/2115-IronEagle1Series-600x375.jpg\" alt=\"\" width=\"600\" height=\"375\" srcset=\"https:\/\/cfcquebec.ca\/shop\/wp-content\/uploads\/2025\/04\/2115-IronEagle1Series-18x12.jpg 18w, https:\/\/cfcquebec.ca\/shop\/wp-content\/uploads\/2025\/04\/2115-IronEagle1Series-200x125.jpg 200w, https:\/\/cfcquebec.ca\/shop\/wp-content\/uploads\/2025\/04\/2115-IronEagle1Series-400x250.jpg 400w, https:\/\/cfcquebec.ca\/shop\/wp-content\/uploads\/2025\/04\/2115-IronEagle1Series-450x281.jpg 450w, https:\/\/cfcquebec.ca\/shop\/wp-content\/uploads\/2025\/04\/2115-IronEagle1Series-600x375.jpg 600w, https:\/\/cfcquebec.ca\/shop\/wp-content\/uploads\/2025\/04\/2115-IronEagle1Series-768x480.jpg 768w, https:\/\/cfcquebec.ca\/shop\/wp-content\/uploads\/2025\/04\/2115-IronEagle1Series.jpg 800w\" sizes=\"(max-width: 600px) 100vw, 600px\" \/><\/p>\n<ul>\n<li><strong>Cote de qualit\u00e9\u00a0:<\/strong>\u00a0Exceptionnelle;<\/li>\n<li><strong>Mat\u00e9riaux\u00a0:<\/strong>\u00a0Disponible dans une combinaison de ZAM\u2122 et Galvalume\u2122, ou en aluminium de qualit\u00e9 \u00ab marine \u00bb;<\/li>\n<li><strong>Assemblage\u00a0:<\/strong>\u00a0Traverses avec perforations continues au pointeau, pour une apparence uniforme de tous les c\u00f4t\u00e9s;<\/li>\n<li><strong>Accessoiress\u00a0:<\/strong>\u00a0Forg\u00e9s \u00e0 froid;<\/li>\n<li><strong>Finition\u00a0:<\/strong>\u00a0Rev\u00eatement poudre de polyester appliqu\u00e9 apr\u00e8s l\u2019assemblage (\u00e9paisseur minimum de 2,5 mm) pour une durabilit\u00e9 accrue. L\u2019aluminium est peint selon les exigences de la norme AAMA, qui couvre le proc\u00e9d\u00e9 de rev\u00eatement et s\u2019accompagne d\u2019une garantie de 20 ans sur les composantes en aluminium;<\/li>\n<\/ul>\n","protected":false},"excerpt":{"rendered":"<p>S\u00e9rie 2000 (2115) 3 HAUTEURS<\/p>\n","protected":false},"author":3,"featured_media":21848,"comment_status":"open","ping_status":"closed","template":"","meta":{"_crdt_document":""},"product_brand":[425],"product_cat":[410],"product_tag":[426,427,412],"ppma_author":[424],"class_list":{"0":"post-21691","1":"product","2":"type-product","3":"status-publish","4":"has-post-thumbnail","6":"product_brand-iron-eagle","7":"product_cat-cloture-piscine","8":"product_tag-426","9":"product_tag-cloture","10":"product_tag-piscine","11":"product_shipping_class-volumineux","12":"pa_color-noir","14":"first","15":"instock","16":"taxable","17":"shipping-taxable","18":"purchasable","19":"product-type-variable","20":"has-default-attributes"},"_links":{"self":[{"href":"https:\/\/cfcquebec.ca\/shop\/wp-json\/wp\/v2\/product\/21691","targetHints":{"allow":["GET"]}}],"collection":[{"href":"https:\/\/cfcquebec.ca\/shop\/wp-json\/wp\/v2\/product"}],"about":[{"href":"https:\/\/cfcquebec.ca\/shop\/wp-json\/wp\/v2\/types\/product"}],"author":[{"embeddable":true,"href":"https:\/\/cfcquebec.ca\/shop\/wp-json\/wp\/v2\/users\/3"}],"replies":[{"embeddable":true,"href":"https:\/\/cfcquebec.ca\/shop\/wp-json\/wp\/v2\/comments?post=21691"}],"wp:featuredmedia":[{"embeddable":true,"href":"https:\/\/cfcquebec.ca\/shop\/wp-json\/wp\/v2\/media\/21848"}],"wp:attachment":[{"href":"https:\/\/cfcquebec.ca\/shop\/wp-json\/wp\/v2\/media?parent=21691"}],"wp:term":[{"taxonomy":"product_brand","embeddable":true,"href":"https:\/\/cfcquebec.ca\/shop\/wp-json\/wp\/v2\/product_brand?post=21691"},{"taxonomy":"product_cat","embeddable":true,"href":"https:\/\/cfcquebec.ca\/shop\/wp-json\/wp\/v2\/product_cat?post=21691"},{"taxonomy":"product_tag","embeddable":true,"href":"https:\/\/cfcquebec.ca\/shop\/wp-json\/wp\/v2\/product_tag?post=21691"},{"taxonomy":"author","embeddable":true,"href":"https:\/\/cfcquebec.ca\/shop\/wp-json\/wp\/v2\/ppma_author?post=21691"}],"curies":[{"name":"wp","href":"https:\/\/api.w.org\/{rel}","templated":true}]}}